 7. Let c(u) = g*l(u) + 8*f(u). Give c(-8).
-9
Let g(d) be the first derivative of -15*d**2/2 - 2*d + 558. Calculate g(-1).
13
Let n be 3/(-3) - 5/(-1). Suppose -n*f = -8*f + 5*f. Let b(w) = 3 - w**3 - 1 - 4. Determine b(f).
-2
Let w(m) be the third derivative of -m**6/120 + 13*m**5/60 - 13*m**4/24 + 2*m**3 - 2*m**2 + 44*m. Calculate w(12).
0
Let n be -1 - 99/22*(-12)/(-27). Let o(g) = g**3 + g**2 - 3*g + 3. Let r(i) = i**3 + i**2 - 3*i + 3. Let y(a) = -3*o(a) + 2*r(a). What is y(n)?
6
Let u be 0/(-2)*-3*(-4)/24. Let f(q) = 3 + q**2 - 48*q + 46*q + u. What is f(2)?
3
Let o(j) = -j**3 - 3*j**2 + 5*j - 11. Let y = 1058 + -1063. Determine o(y).
14
Let b(g) be the second derivative of 1/6*g**3 + 25*g - 5/2*g**2 + 0. Give b(7).
2
Let b(m) = 6*m**2 - 11*m + 8. Let k(g) = -5*g**2 + 11*g - 6. Let q(o) = 6*b(o) + 7*k(o). What is q(-11)?
6
Suppose 6*f + 3 = 7*f. Suppose -4*i = -f*i + 4. Let b(v) = v + 8. Determine b(i).
4
Let p(i) = -i**3 + i**2 - 1. Let a be p(-1). Let y(k) = -7*k - a + 5 - 5. Determine y(2).
-15
Let h(c) = -c + 5. Let x = -6 - -7. Let r = 1 + x. Suppose 4*g = -p + 4*p - 30, -p - r*g = 0. Give h(p).
-1
Suppose 4*c + 0*c - 4 = 0. Let g(a) = -a**3. Let l(y) = 3*y**3 + y**2. Let w(d) = c*l(d) + 4*g(d). What is w(2)?
-4
Suppose -9*a + 12*a = 6. Suppose c - 9 = -4*z, a*z + 2*c - 1 = 5*c. Let i(t) = -2*t**3 + 3*t**2 - t + 1. Calculate i(z).
-5
Suppose 0*y - 5*z = y - 10, 0 = y - 2*z - 3. Suppose 20 = -y*d + c + 4*c, 5*c = -5*d - 40. Let l(m) = -m**3 - 5*m**2 + 8*m + 6. Determine l(d).
-6
Let d(q) = -3 - 2 - 4*q + 9*q**2 - 8*q**2. Let t(z) = 5*z + 6. Let c(n) = -7*d(n) - 6*t(n). Suppose 0*o + 2 = -2*o. Determine c(o).
-6
Let o(h) = 8*h + 26. Let a be o(-4). Let i(g) = -g**3 - 5*g**2 + 2*g - 7. Give i(a).
17
Let f be 26/(-4) + (-6)/(-12). Let d(c) = c**3 + 5*c**2 - 7*c - 11. Let i be d(f). Let h(j) = -j**3 - 4*j**2 + 7*j - 1. What is h(i)?
-11
Let y(j) = -j**2 - 4*j + 2. Suppose -25 = 5*h - 5. Give y(h).
2
Let z(w) = -8 - 5863*w + 11725*w - 5863*w + 2 - 5. Let a = -5 + -1. Determine z(a).
-5
Suppose 0 = -8*b + 26 + 22. Suppose 0 = -4*y + b - 2. Let u(q) = 4*q**2 - 1. Determine u(y).
3
Suppose -2*h - k + 5 = 0, -10 = -3*h + 2*k - k. Let y(p) = 13*p**3 - 3*p**2 - 6 - 23*p**3 + 11*p**3 - 2*p + 3. Calculate y(h).
-9
Let p = 10 - 8. Suppose -p*g = 1 - 3. Let z be g - (-3)/1*-1. Let w(f) = -f**3 + 3*f + 3. Give w(z).
5
Let o(m) = -m**2 - 3*m + 9. Let g be o(-4). Let s(w) = -w + g + 12*w + 5*w**2 - 14*w**2 + 10*w**2. Calculate s(-5).
-25
Let d = -24 + 25. Let y(p) = -d + 6*p - 2*p - 7*p. Suppose u + 20 = -4*u. Give y(u).
11
Let x(h) = 3*h**2 + 21*h + 20. Let j be x(-1). Let d(u) = 2. Let l(n) = n - 2. Let b(z) = -3*d(z) - 2*l(z). Determine b(j).
-6
Let h(k) = -k**2 + 6*k + 4. Let x = 3 + -8. Let d(w) = -w**3 - 4*w**2 + 3*w - 7. Let l be d(x). Suppose 0 = -q + l + 4. Calculate h(q).
-3
Let p = -4 - 3. Let q(c) = 11077*c**3 - 199 + 190 - 11078*c**3 - 9*c - 8*c**2. What is q(p)?
5
Let d(s) = -5*s**3 - 21*s**2 + 14*s. Let p(l) = -2*l**3 - 10*l**2 + 7*l. Let w(j) = -3*d(j) + 7*p(j). What is w(5)?
-15
Let c(n) = 5*n**2 - 3*n + 3. Let q be c(1). Let o(r) = 6 - q + r - 3*r + r**2 + 3. Suppose -4*f - b = f - 18, 4*b = 2*f - 16. Calculate o(f).
12
Let d(z) be the third derivative of z**6/20 - z**3/6 - z**2 - 16*z. Suppose 3*s = -0*s + 3. Determine d(s).
5
Let m = -7 - -6. Let s be (-8)/(-10) + (-3)/(-15) + m. Let h(r) = -r**2 - r - 8. Give h(s).
-8
Let n(d) = 19*d**2 + 3*d + 8. Let y(k) = 23*k**2 + 4*k + 9. Let j(r) = 6*n(r) - 5*y(r). Calculate j(-4).
-5
Suppose 11*w = 18*w - 14. Suppose -w = 12*c - 10*c. Let x(h) = 14*h**2 - h - 1. What is x(c)?
14
Let u = 24 - 22. Let q(z) = -3*z**2 + 6*z - 1 - 4 - 2 + u*z**2. What is q(6)?
-7
Let b(v) = -106*v**3 + 4*v**2 + 14*v + 35. Let g(s) = -71*s**3 + 3*s**2 + 10*s + 25. Let w(t) = 5*b(t) - 7*g(t). Determine w(1).
-34
Let b(r) be the third derivative of -1/24*r**4 - 10*r**2 + 0*r - 2*r**3 + 0 - 1/60*r**5. Let d = 17 + -17. Give b(d).
-12
Let z(b) be the first derivative of b**3/3 - 6*b**2 + 12*b + 5. Determine z(9).
-15
Let y(b) = b**2 - 15*b + 57. Let n = -578 + 584. What is y(n)?
3
Suppose -3*v = -2*z + 11, 3*v = -3*z - 2*v + 7. Suppose c - 4 = -3*n, -5*c - 5*n = -z*n - 34. Let t(o) = -o**2 + 8*o - 8. Give t(c).
-1
Let f be (-2)/((10/(-7))/5). Let s(j) be the third derivative of -j**4/24 + 7*j**3/6 - 10*j**2. Determine s(f).
0
Let j be (-1)/3 + 88/12. Let c be 396/(-63) + 2/j. Let n(y) = -2*y**2 - 8*y + 21. Let v(k) = -k**2 - 4*k + 11. Let q(r) = 4*n(r) - 7*v(r). Determine q(c).
-5
Let n = -6 + 2. Let f be 126/28 - (-1)/(-2). Let u(v) = -4*v - 6 - v + 3 + f*v. Determine u(n).
1
Let k(s) = -29*s**2 - s + 2. Let x be k(-2). Let y = x - -122. Let q(g) = g**3 - 9*g**2 - 10*g - 2. Determine q(y).
-2
Suppose 5*d + 3*x - 30 = -0*x, -4*d - x + 31 = 0. Let p(f) = 6 + 5 + f - d. Let a be ((-2)/5)/((-1)/5). What is p(a)?
4
Let p = 1901 - 11401/6. Let a(s) be the second derivative of 1/2*s**4 + 0 + 1/20*s**5 + 3*s**2 + p*s**3 - 12*s. Give a(-4).
18
Let o(a) = 7*a**3 + 7*a**2 + 13. Let t(j) = -13*j**3 - 14*j**2 - j - 25. Let i(p) = -11*o(p) - 6*t(p). What is i(-6)?
7
Suppose 4*c = -x - 2*x + 5, 3*x = 4*c + 37. Let l(a) = 6*a - 3*a - x - 2*a. Calculate l(6).
-1
Let j be -2*1*(-2)/4. Let f(w) = 28*w**2 + 141*w**2 - 5*w**3 - 170*w**2. What is f(j)?
-6
Suppose 0 = 4*q + 3*o + 14, 4*q = 3*q - 4*o - 10. Let c(u) be the third derivative of -1/8*u**4 - 1/2*u**3 + 0 + 0*u - 3*u**2 - 1/60*u**5. Determine c(q).
-1
Let s = 8 + -5. Let y(m) = 0*m**2 - m**2 + 41*m**s - 40*m**3. Determine y(3).
18
Let x be -2 + (-6 + 8)*6/(-2). Let g be (-6)/x + (-12)/16. Let n(c) = -c**3 + c + 14. Give n(g).
14
Let m(a) = a - 1. Let c(r) = -r**2 + 6*r - 1. Suppose 5*y + 1 + 29 = 0. Let w(f) = y*m(f) + c(f). What is w(0)?
5
Let v(o) = o**2 + 6*o + 2. Let r(y) = -y**3 - 8*y**2 + 4. Let i be 8/(2/(4/(-2))). Let z be r(i). Suppose 5*n = 2*x + 31, 4*x + 0*x = z*n - 32. Calculate v(x).
-7
Let g(u) = 7*u**3 + 2*u**2 + u. Suppose 4*d - a + 50 = -3*a, 4*d = -5*a - 35. Let q be -3*(1 + 10/d). What is g(q)?
-6
Let m(k) be the first derivative of k**2/2 + 3*k + 154. Let f = 8 - 4. Suppose -5*r = -5*x - 18 - 7, -20 = f*x - 3*r. What is m(x)?
-2
Let s(p) be the first derivative of -p**2/2 + 7*p - 63. Determine s(-5).
12
Let u(o) = 2*o**2 + 3*o - 2. Let p(n) be the second derivative of n**4/4 - n**3 + n**2 + 24*n. Let d be p(2). Give u(d).
12
Suppose t + h - 1 = -2*h, 2*h + 4 = -3*t. Suppose 2*a + 3*q = 6 - 0, 3*q - 6 = 2*a. Let k(w) = -w**3 - w**2 - 2 - 3*w + a - 2*w**2. What is k(t)?
0
Let k(y) be the second derivative of -y**4/6 + 7*y**3/6 - y**2/2 + 12*y. Let x(f) = f**2 - 6*f + 1. Let g(p) = -4*k(p) - 5*x(p). Calculate g(1).
4
Let m be 10/(-150) - 592/120. Let t(j) = j**2 + 5*j + 1. Give t(m).
1
Let r be -3*(-8)/(-12) - -5. Suppose -r*u - 2 - 4 = 3*z, -3*z = 2*u + 6. Let b(s) be the third derivative of s**4/24 - s**3/2 + s**2. What is b(u)?
-3
Suppose -3*h + 21 = -42. Let j be ((-12)/h - (-6)/(-14))*-1. Let w(m) = -14*m**2 + 2*m - 1. Determine w(j).
-13
Let u(s) = -s**2 + 6*s - 1. Suppose -34*n + 30 = -29*n. Determine u(n).
-1
Let i(r) = 2*r**2 + r + 1. Let w(t) = -7*t**2 - 5*t - 8. Let b(y) = -4*i(y) - w(y). What is b(-4)?
-16
Suppose -4*m + 6 = 2. Suppose m = 3*p + 7. Let l(r) be the first derivative of r**4/4 + 2*r**3/3 + r**2 - r - 3. Determine l(p).
-5
Let l(j) = 3*j - 69. Let s be l(19). Let u(m) = m**2 + 14*m + 33. Calculate u(s).
9
Suppose -13*o = -246 + 311. Let n(p) be the third derivative of -1/120*p**6 - 1/15*p**5 + 0 + 0*p + p**2 + 5/24*p**4 + 5/6*p**3. Give n(o).
5
Let d(l) = 6*l**2 + 8*l + 3. Let z(i) = 18*i**2 + 23*i + 9. Let r(c) = 17*d(c) - 6*z(c). Suppose -3*m = j + 2, 4*m = 9*j - 10*j - 2. Give r(j).
-23
Suppose 0 = 4*r - 21 + 5. Let l be (-10)/(-15)*18/r. Let s(g) = 0*g - 3 - g**2 - 4 + g**3 - 5*g - l*g**2. Give s(5).
-7
Let n(u) = u**2 - 5*u + 7. Let z = -43 + 70. Let f = 32 - z. Determine n(f).
7
Suppose 4*t + 12 = 2*s, -2*s = 3*s - 5*t - 20. Let o(b) = 2*b + 4*b - 4 + b**s - 3*b. Calculate o(-6).
14
Let m = 30 + -29. Suppose 4*c = 3*q + 39 - 16, -c + q = -7. Let v(z) = z**3 - 3*z**2 + 6*z**c + m + 2*z - 4 - z. Give v(-3).
-6
Let s(f) = 4*f + 45. Let w be s(-12). Let n be (12/(-9))/((-2)/w). Let y(x) = -3*x - 3. What is y(n)?
3
Let j(q) = q**